der when c is divided by 16.
13
Let i be ((-6)/(-4))/((-6)/(-20)). Suppose 0 = 3*u, -i*f + 106 - 16 = 4*u. Calculate the remainder when f is divided by 5.
3
Let d(z) = -10*z - 3 - 1 - 4 - 1. Calculate the remainder when d(-6) is divided by 13.
12
Let x(n) = n**2 + 3*n - 4. Let y = 5 - 9. Let p be x(y). Suppose -5*z + 40 = -p*z. What is the remainder when 22 is divided by z?
6
Let u = -168 + 237. What is the remainder when u is divided by 24?
21
What is the remainder when 43 is divided by (-3)/(-15) - 54/(-5)?
10
Let k(b) = 2*b**3 - b**2 + 2*b - 3. What is the remainder when k(2) is divided by 8?
5
Let b(f) = -f + 6. Calculate the remainder when b(-5) is divided by 7.
4
Suppose -m = 2*y - 9, -30 = -2*y - 4*m - 6. Let d(z) = -z**3 + 5*z**2 - 2. Calculate the remainder when 19 is divided by d(y).
9
Suppose -7*i + 266 = -2*i + 3*o, -4*o + 216 = 4*i. Let t = 71 + -44. Calculate the remainder when i is divided by t.
25
Calculate the remainder when 45 is divided by 4/(5/80*4).
13
Let z = -12 + 15. Suppose v - z*v + 38 = 0. What is the remainder when v is divided by 11?
8
Suppose -4*u - 2*m + 0*m = 144, 0 = 2*u + 3*m + 72. What is the remainder when (u/(-15))/(3/20) is divided by (12/7)/((-16)/(-56))?
4
Let v(h) = -h**2 + 7*h + 5. Let w be v(7). Suppose 0 = 3*m - w*n - 37, 4*m - 57 = n - 2. Calculate the remainder when 41 is divided by m.
13
Let p = 413 + -290. Suppose -3*h + p = 3*s, 2*s + 2*s - 156 = -2*h. Suppose 0 = -z + 2, 2*z + s = 2*t + 13. What is the remainder when 26 is divided by t?
12
Suppose -5*q = -3*q - 4. Calculate the remainder when 9 is divided by 6 + ((-2)/q - 0).
4
Let d = -11 + 0. Let t(q) = q**3 + 12*q**2 + 10*q + 12. Calculate the remainder when 90 is divided by t(d).
21
Let z = 6 - 9. Let p(x) = -x**3 - x**2 + 4*x - 1. Let n be p(z). Let t = -3 + n. Calculate the remainder when 3 is divided by t.
1
Let b = -3 + 1. Let i(a) = -a**3 + a**2 + 2*a + 3. What is the remainder when i(b) is divided by 6?
5
Let g = -15 - -22. Let t = -2 + g. Let c = t - 1. What is the remainder when 11 is divided by c?
3
Let w(f) = -f**2 - 12*f - 20. What is the remainder when 41 is divided by w(-8)?
5
Let w = 7 - 4. Suppose -g = -5*l + g + 42, -w*g + 21 = 3*l. Calculate the remainder when 15 is divided by l.
7
Suppose -4*y + 50 = -62. Let c(d) = -2*d**2 - 8*d + 4. Let w be c(-6). Let g = w - -35. Calculate the remainder when y is divided by g.
13
Let d = 19 - 7. Suppose 2*g = -72 + 82. Calculate the remainder when d is divided by g.
2
Suppose 5 = 2*l - 17. Let r = l - 0. What is the remainder when r is divided by 6?
5
What is the remainder when (9/(-27))/(1/(-24)) is divided by 5?
3
Suppose 0 = 3*r - 2 - 109. Calculate the remainder when r is divided by (-34)/(-2) - (-2 + 0).
18
Suppose -l = 6*u - u - 221, u - 37 = -2*l. Suppose -u + 19 = -2*d. Calculate the remainder when 24 is divided by d.
11
Suppose 15 = -3*c + 93. Calculate the remainder when c is divided by 6.
2
Suppose q - 6 = 18. Calculate the remainder when 164 is divided by q.
20
Suppose -5*v + 12 = -2*h, 3*h + v - 16 = -0*v. What is the remainder when 13 is divided by h?
1
Suppose v = -2*v - 12. What is the remainder when 46 is divided by ((-6)/v)/((-7)/(-56))?
10
Suppose -12 = -3*v - 4*i + 5, 6 = 3*i. Suppose 0 = v*p - j - 30, 0 = 4*p - 7*p - 4*j + 30. Calculate the remainder when ((-5 - 34)*2)/(-2) is divided by p.
9
Let f(d) = d + 7. Let x be f(-9). Calculate the remainder when 35 is divided by -3 - x - -2 - -17.
17
Let k = 370 - 141. Calculate the remainder when k is divided by 33.
31
Let a(u) = u + 23. Suppose -c - 5*g + 10 = 0, 3*g - 28 = -c - 4*c. What is the remainder when a(-14) is divided by c?
4
Suppose 2*k + 92 = 3*k. What is the remainder when k/(-6)*(1 - 4) is divided by 16?
14
Let u(x) = -x + 2. Suppose -3*p = -4*t - 8, 29 = -4*t - p + 5. Calculate the remainder when u(t) is divided by 3.
1
Suppose -3*g - 2*g - 4*o + 225 = 0, 4*g = -2*o + 174. Calculate the remainder when g is divided by 21.
20
Suppose -5*k = -5*l - 290, -2*l = -5*l - 3*k - 162. Let t be (2 - l)/((-4)/(-6)). Calculate the remainder when t*1*2/6 is divided by 10.
9
Suppose -2*h = h - 6. Calculate the remainder when (h/2)/((-7)/(-49)) is divided by 4.
3
Let u(h) = -3*h - 6. Let w be u(-7). What is the remainder when 7/((-28)/w)*-4 is divided by 4?
3
Let c be (-16)/(-12)*6/(-4). Let j be c - (-1)/((-3)/(-3)). Calculate the remainder when 17 is divided by 1/(j/(-3*3)).
8
Suppose -5*h + 16 = -9. Suppose -h*d + 130 = -355. Suppose 5*v = d - 27. Calculate the remainder when v is divided by 5.
4
What is the remainder when 7/(28/(-12))*-2 is divided by 5?
1
Suppose 2*i + 59 = 7*f - 2*f, -i = -5*f + 57. Let d(k) = k**3 - 2*k - 1. What is the remainder when d(3) is divided by f?
9
Suppose -4*m + 33 = y, -m - 2 = -y + 21. What is the remainder when (-111)/(-15)*-2*-5 is divided by y?
24
Let t(s) = s**2 + 1. Let n be t(2). Suppose 3*r - 2*p - 101 = 0, 3*r - 154 = n*p - 41. What is the remainder when r is divided by 16?
15
Let i(p) = p + 4. Let g be i(0). Suppose 0 = -g*n + 16 - 4. Calculate the remainder when 7 is divided by n.
1
Let h = 107 + -30. What is the remainder when h is divided by 16?
13
Let g(v) = -5*v - 2. Let j be g(-2). Let c be 1/4 - 19/(-4). Suppose -2*y - 3*f = c + 6, -y - 2*f - j = 0. What is the remainder when y is divided by 2?
0
Let s = -108 - -221. Calculate the remainder when s is divided by 39.
35
Let d(j) = 7*j - 32. What is the remainder when d(6) is divided by 4?
2
Let b(r) = r + 12. What is the remainder when 69 is divided by b(6)?
15
Let t be -10*(0 + -1 - -3). Let y = t + 77. Let u = y - 40. Calculate the remainder when u is divided by 9.
8
Let u = 6 - 4. Let d(i) = -14*i**3 - 4*i**u - i + i**2 + 9*i**3. What is the remainder when d(-2) is divided by 16?
14
Let d(v) = 4*v**2 - 2*v - 2. What is the remainder when 33 is divided by d(-2)?
15
Let a(p) = p**3 - 6*p**2 + 3*p. Let t = -8 - -14. What is the remainder when a(t) is divided by 10?
8
Let s = -2 + 6. Suppose -3*i = -i - s. Suppose -10 = 5*h, -2*h = 2*z - 6 - i. Calculate the remainder when 11 is divided by z.
5
Suppose -5 = -5*u + 5*i, 0 = 2*u + i + 2*i + 8. Let s(h) = 40*h**2. Let r be s(u). Let n = r + -24. What is the remainder when n is divided by 6?
4
Suppose c - 12*c = -198. What is the remainder when 53 is divided by c?
17
Let g be 29/2 + 3/(-6). Let z = -7 + g. What is the remainder when 11 is divided by z?
4
Suppose 37 + 15 = 4*u. What is the remainder when -2 + (36 - 1*-2) is divided by u?
10
Suppose 17 = 2*t + 5. Calculate the remainder when 11 is divided by t.
5
Let o(k) = k - 2. Let p be o(4). Suppose d + 23 = p*d. What is the remainder when d is divided by 12?
11
Suppose q + 0*x = x + 6, 4*q = -2*x. What is the remainder when q is divided by 2?
0
Suppose -5 = i - 60. Suppose -4*m - i = -159. What is the remainder when m is divided by 9?
8
What is the remainder when 23 is divided by (2 - -4) + 0/(-1)?
5
Let y(h) = -h - 8. What is the remainder when 2 is divided by y(-10)?
0
Suppose -53 - 115 = -4*d. What is the remainder when d is divided by 22?
20
Let z(f) = -f**3 - 7*f**2 + 5*f + 3. Suppose -p = 2*p + 9. Let h(l) = -4*l + 2. What is the remainder when z(-8) is divided by h(p)?
13
Suppose -103 = -5*t + 27. What is the remainder when 102 is divided by t?
24
Let n be (-2)/7 + (-12)/(-42). Suppose -2*f + 23 + 5 = n. What is the remainder when f is divided by 8?
6
Suppose 0 = -3*g - v + 3*v + 1, -3*g - 2*v = -17. Let m(l) = -4*l - 1. What is the remainder when m(-2) is divided by g?
1
Let p(f) = f**2 + 3*f + 4. Calculate the remainder when 250 is divided by p(2).
12
Suppose -4*r - 279 = -5*n - 6*r, 0 = -4*n + 5*r + 210. Suppose 6*z - n = -13. Suppose 36 = 4*o - 44. What is the remainder when o is divided by z?
6
Suppose -9*g - 492 = -13*g. Calculate the remainder when g is divided by 31.
30
Suppose -2*n + 4*n = 28. What is the remainder when n is divided by 6?
2
Let x = 4 + 0. Suppose -4*i = -o + x, -3*i = 3*o - 11 - 1. Suppose 0*f = -4*r + 3*f + 116, -3*f + 92 = o*r. What is the remainder when r is divided by 14?
12
Let m(b) = 2*b**2 + 5*b - 2. Let t be (0 - 3)/(-3) + -5. What is the remainder when m(t) is divided by -1 + -2 + (5 - -2)?
2
Suppose 0 = 4*q - 5*w - 62, -2*q = -3*w - w - 34. What is the remainder when 49 is div